{"id":857,"date":"2025-03-16T15:04:53","date_gmt":"2025-03-16T18:04:53","guid":{"rendered":"https:\/\/morrostock.com.br\/?page_id=857"},"modified":"2026-05-03T05:21:29","modified_gmt":"2026-05-03T08:21:29","slug":"morrostock-2025-reconstruir","status":"publish","type":"page","link":"https:\/\/morrostock.com.br\/reconstruir2025\/","title":{"rendered":"Morrostock 2025 &#8211; Reconstruir RS"},"content":{"rendered":"<p><img decoding=\"async\" width=\"1921\" height=\"1081\" data-src=\"https:\/\/morrostock.com.br\/reconstruir2025\/wp-content\/uploads\/2025\/03\/shotgun_1920x1080-horizontal-morro25-1.png\" alt=\"\" data-srcset=\"https:\/\/morrostock.com.br\/reconstruir2025\/wp-content\/uploads\/2025\/03\/shotgun_1920x1080-horizontal-morro25-1.png 1921w, https:\/\/morrostock.com.br\/reconstruir2025\/wp-content\/uploads\/2025\/03\/shotgun_1920x1080-horizontal-morro25-1-300x169.png 300w, https:\/\/morrostock.com.br\/reconstruir2025\/wp-content\/uploads\/2025\/03\/shotgun_1920x1080-horizontal-morro25-1-1024x576.png 1024w, https:\/\/morrostock.com.br\/reconstruir2025\/wp-content\/uploads\/2025\/03\/shotgun_1920x1080-horizontal-morro25-1-768x432.png 768w, https:\/\/morrostock.com.br\/reconstruir2025\/wp-content\/uploads\/2025\/03\/shotgun_1920x1080-horizontal-morro25-1-1536x864.png 1536w\" data-sizes=\"(max-width: 1921px) 100vw, 1921px\" src=\"data:image\/gif;base64,R0lGODlhAQABAAAAACH5BAEKAAEALAAAAAABAAEAAAICTAEAOw==\" class=\"lazyload\" style=\"--smush-placeholder-width: 1921px; --smush-placeholder-aspect-ratio: 1921\/1081;\" \/><\/p>\n","protected":false},"excerpt":{"rendered":"<p>O Morrostock chega a sua 16\u00aa edi\u00e7\u00e3o em 2025, refor\u00e7ando o movimento de retomada cultural do cen\u00e1rio ga\u00facho com o lema RECONSTRUIR RS.<\/p>\n<p>Ser\u00e3o 5 dias de m\u00fasica, artes integradas e conv\u00edvio com a natureza, num festival imersivo em meio \u00e0 paisagem transcendental da Mata Atl\u00e2ntica.<\/p>\n<p>A 16\u00aa edi\u00e7\u00e3o do festival Morrostock ocorrer\u00e1 de 17 a 21 de Abril de<br \/>\n2025, no Balne\u00e1rio Ouro Verde, em Tr\u00eas Barras, na cidade Santa Maria.<\/p>\n","protected":false},"author":1,"featured_media":859,"parent":0,"menu_order":0,"comment_status":"closed","ping_status":"closed","template":"","meta":{"_et_pb_use_builder":"on","_et_pb_old_content":"<img width=\"1921\" height=\"1081\" src=\"https:\/\/morrostock.com.br\/reconstruir2025\/wp-content\/uploads\/2025\/03\/shotgun_1920x1080-horizontal-morro25-1.png\" alt=\"\" srcset=\"https:\/\/morrostock.com.br\/reconstruir2025\/wp-content\/uploads\/2025\/03\/shotgun_1920x1080-horizontal-morro25-1.png 1921w, https:\/\/morrostock.com.br\/reconstruir2025\/wp-content\/uploads\/2025\/03\/shotgun_1920x1080-horizontal-morro25-1-300x169.png 300w, https:\/\/morrostock.com.br\/reconstruir2025\/wp-content\/uploads\/2025\/03\/shotgun_1920x1080-horizontal-morro25-1-1024x576.png 1024w, https:\/\/morrostock.com.br\/reconstruir2025\/wp-content\/uploads\/2025\/03\/shotgun_1920x1080-horizontal-morro25-1-768x432.png 768w, https:\/\/morrostock.com.br\/reconstruir2025\/wp-content\/uploads\/2025\/03\/shotgun_1920x1080-horizontal-morro25-1-1536x864.png 1536w\" sizes=\"(max-width: 1921px) 100vw, 1921px\" \/>","_et_gb_content_width":"","footnotes":""},"class_list":["post-857","page","type-page","status-publish","has-post-thumbnail","hentry"],"yoast_head":"<!-- This site is optimized with the Yoast SEO Premium plugin v24.7 (Yoast SEO v24.7) - https:\/\/yoast.com\/wordpress\/plugins\/seo\/ -->\n<title>Morrostock Reconstruir 2025 - De 17 a 21 de abril<\/title>\n<meta name=\"description\" content=\"A 16\u00aa edi\u00e7\u00e3o do festival Morrostock ocorrer\u00e1 de 17 a 21 de Abril de2025, no Balne\u00e1rio Ouro Verde, em Tr\u00eas Barras, na cidade Santa Maria.\" \/>\n<meta name=\"robots\" content=\"index, follow, max-snippet:-1, max-image-preview:large, max-video-preview:-1\" \/>\n<link rel=\"canonical\" href=\"https:\/\/morrostock.com.br\/reconstruir2025\/\" \/>\n<meta property=\"og:locale\" content=\"pt_BR\" \/>\n<meta property=\"og:type\" content=\"article\" \/>\n<meta property=\"og:title\" content=\"Morrostock 2025 - Reconstruir RS\" \/>\n<meta property=\"og:description\" content=\"Morrostock Reconstruir 2025 acontece de 17 a 21 de abril no Balne\u00e1rio Ouro Verde (RS)! Um festival com m\u00fasica, teatro, circo, feira de arte e camping.\" \/>\n<meta property=\"og:url\" content=\"https:\/\/morrostock.com.br\/reconstruir2025\/\" \/>\n<meta property=\"og:site_name\" content=\"Morrostock 2025\" \/>\n<meta property=\"article:modified_time\" content=\"2026-05-03T08:21:29+00:00\" \/>\n<meta property=\"og:image\" content=\"https:\/\/morrostock.com.br\/reconstruir2025\/wp-content\/uploads\/2025\/03\/shotgun_1920x1080-horizontal-morro25-1.png\" \/>\n\t<meta property=\"og:image:width\" content=\"1921\" \/>\n\t<meta property=\"og:image:height\" content=\"1081\" \/>\n\t<meta property=\"og:image:type\" content=\"image\/png\" \/>\n<meta name=\"twitter:card\" content=\"summary_large_image\" \/>\n<meta name=\"twitter:label1\" content=\"Est. tempo de leitura\" \/>\n\t<meta name=\"twitter:data1\" content=\"1 minuto\" \/>\n<script type=\"application\/ld+json\" class=\"yoast-schema-graph\">{\"@context\":\"https:\/\/schema.org\",\"@graph\":[{\"@type\":\"WebPage\",\"@id\":\"https:\/\/morrostock.com.br\/reconstruir2025\/\",\"url\":\"https:\/\/morrostock.com.br\/reconstruir2025\/\",\"name\":\"Morrostock Reconstruir 2025 - De 17 a 21 de abril\",\"isPartOf\":{\"@id\":\"https:\/\/morrostock.com.br\/reconstruir2025\/#website\"},\"primaryImageOfPage\":{\"@id\":\"https:\/\/morrostock.com.br\/reconstruir2025\/#primaryimage\"},\"image\":{\"@id\":\"https:\/\/morrostock.com.br\/reconstruir2025\/#primaryimage\"},\"thumbnailUrl\":\"https:\/\/morrostock.com.br\/reconstruir2025\/wp-content\/uploads\/2025\/03\/shotgun_1920x1080-horizontal-morro25-1.png\",\"datePublished\":\"2025-03-16T18:04:53+00:00\",\"dateModified\":\"2026-05-03T08:21:29+00:00\",\"description\":\"A 16\u00aa edi\u00e7\u00e3o do festival Morrostock ocorrer\u00e1 de 17 a 21 de Abril de2025, no Balne\u00e1rio Ouro Verde, em Tr\u00eas Barras, na cidade Santa Maria.\",\"breadcrumb\":{\"@id\":\"https:\/\/morrostock.com.br\/reconstruir2025\/#breadcrumb\"},\"inLanguage\":\"pt-BR\",\"potentialAction\":[{\"@type\":\"ReadAction\",\"target\":[\"https:\/\/morrostock.com.br\/reconstruir2025\/\"]}]},{\"@type\":\"ImageObject\",\"inLanguage\":\"pt-BR\",\"@id\":\"https:\/\/morrostock.com.br\/reconstruir2025\/#primaryimage\",\"url\":\"https:\/\/morrostock.com.br\/reconstruir2025\/wp-content\/uploads\/2025\/03\/shotgun_1920x1080-horizontal-morro25-1.png\",\"contentUrl\":\"https:\/\/morrostock.com.br\/reconstruir2025\/wp-content\/uploads\/2025\/03\/shotgun_1920x1080-horizontal-morro25-1.png\",\"width\":1921,\"height\":1081},{\"@type\":\"BreadcrumbList\",\"@id\":\"https:\/\/morrostock.com.br\/reconstruir2025\/#breadcrumb\",\"itemListElement\":[{\"@type\":\"ListItem\",\"position\":1,\"name\":\"Home\",\"item\":\"https:\/\/morrostock.com.br\/reconstruir2025\/\"},{\"@type\":\"ListItem\",\"position\":2,\"name\":\"Morrostock 2025 &#8211; Reconstruir RS\"}]},{\"@type\":\"WebSite\",\"@id\":\"https:\/\/morrostock.com.br\/reconstruir2025\/#website\",\"url\":\"https:\/\/morrostock.com.br\/reconstruir2025\/\",\"name\":\"Morrostock 2025 - Reconstruir RS\",\"description\":\" Reconstruir RS parte II\",\"publisher\":{\"@id\":\"https:\/\/morrostock.com.br\/reconstruir2025\/#organization\"},\"potentialAction\":[{\"@type\":\"SearchAction\",\"target\":{\"@type\":\"EntryPoint\",\"urlTemplate\":\"https:\/\/morrostock.com.br\/reconstruir2025\/?s={search_term_string}\"},\"query-input\":{\"@type\":\"PropertyValueSpecification\",\"valueRequired\":true,\"valueName\":\"search_term_string\"}}],\"inLanguage\":\"pt-BR\"},{\"@type\":\"Organization\",\"@id\":\"https:\/\/morrostock.com.br\/reconstruir2025\/#organization\",\"name\":\"Morrostock\",\"url\":\"https:\/\/morrostock.com.br\/reconstruir2025\/\",\"logo\":{\"@type\":\"ImageObject\",\"inLanguage\":\"pt-BR\",\"@id\":\"https:\/\/morrostock.com.br\/reconstruir2025\/#\/schema\/logo\/image\/\",\"url\":\"https:\/\/morrostock.com.br\/reconstruir2025\/wp-content\/uploads\/2023\/11\/boca-morro-2019-90-203x300-1.png\",\"contentUrl\":\"https:\/\/morrostock.com.br\/reconstruir2025\/wp-content\/uploads\/2023\/11\/boca-morro-2019-90-203x300-1.png\",\"width\":207,\"height\":306,\"caption\":\"Morrostock\"},\"image\":{\"@id\":\"https:\/\/morrostock.com.br\/reconstruir2025\/#\/schema\/logo\/image\/\"}}]}<\/script>\n<!-- \/ Yoast SEO Premium plugin. -->","yoast_head_json":{"title":"Morrostock Reconstruir 2025 - De 17 a 21 de abril","description":"A 16\u00aa edi\u00e7\u00e3o do festival Morrostock ocorrer\u00e1 de 17 a 21 de Abril de2025, no Balne\u00e1rio Ouro Verde, em Tr\u00eas Barras, na cidade Santa Maria.","robots":{"index":"index","follow":"follow","max-snippet":"max-snippet:-1","max-image-preview":"max-image-preview:large","max-video-preview":"max-video-preview:-1"},"canonical":"https:\/\/morrostock.com.br\/reconstruir2025\/","og_locale":"pt_BR","og_type":"article","og_title":"Morrostock 2025 - Reconstruir RS","og_description":"Morrostock Reconstruir 2025 acontece de 17 a 21 de abril no Balne\u00e1rio Ouro Verde (RS)! Um festival com m\u00fasica, teatro, circo, feira de arte e camping.","og_url":"https:\/\/morrostock.com.br\/reconstruir2025\/","og_site_name":"Morrostock 2025","article_modified_time":"2026-05-03T08:21:29+00:00","og_image":[{"width":1921,"height":1081,"url":"https:\/\/morrostock.com.br\/reconstruir2025\/wp-content\/uploads\/2025\/03\/shotgun_1920x1080-horizontal-morro25-1.png","type":"image\/png"}],"twitter_card":"summary_large_image","twitter_misc":{"Est. tempo de leitura":"1 minuto"},"schema":{"@context":"https:\/\/schema.org","@graph":[{"@type":"WebPage","@id":"https:\/\/morrostock.com.br\/reconstruir2025\/","url":"https:\/\/morrostock.com.br\/reconstruir2025\/","name":"Morrostock Reconstruir 2025 - De 17 a 21 de abril","isPartOf":{"@id":"https:\/\/morrostock.com.br\/reconstruir2025\/#website"},"primaryImageOfPage":{"@id":"https:\/\/morrostock.com.br\/reconstruir2025\/#primaryimage"},"image":{"@id":"https:\/\/morrostock.com.br\/reconstruir2025\/#primaryimage"},"thumbnailUrl":"https:\/\/morrostock.com.br\/reconstruir2025\/wp-content\/uploads\/2025\/03\/shotgun_1920x1080-horizontal-morro25-1.png","datePublished":"2025-03-16T18:04:53+00:00","dateModified":"2026-05-03T08:21:29+00:00","description":"A 16\u00aa edi\u00e7\u00e3o do festival Morrostock ocorrer\u00e1 de 17 a 21 de Abril de2025, no Balne\u00e1rio Ouro Verde, em Tr\u00eas Barras, na cidade Santa Maria.","breadcrumb":{"@id":"https:\/\/morrostock.com.br\/reconstruir2025\/#breadcrumb"},"inLanguage":"pt-BR","potentialAction":[{"@type":"ReadAction","target":["https:\/\/morrostock.com.br\/reconstruir2025\/"]}]},{"@type":"ImageObject","inLanguage":"pt-BR","@id":"https:\/\/morrostock.com.br\/reconstruir2025\/#primaryimage","url":"https:\/\/morrostock.com.br\/reconstruir2025\/wp-content\/uploads\/2025\/03\/shotgun_1920x1080-horizontal-morro25-1.png","contentUrl":"https:\/\/morrostock.com.br\/reconstruir2025\/wp-content\/uploads\/2025\/03\/shotgun_1920x1080-horizontal-morro25-1.png","width":1921,"height":1081},{"@type":"BreadcrumbList","@id":"https:\/\/morrostock.com.br\/reconstruir2025\/#breadcrumb","itemListElement":[{"@type":"ListItem","position":1,"name":"Home","item":"https:\/\/morrostock.com.br\/reconstruir2025\/"},{"@type":"ListItem","position":2,"name":"Morrostock 2025 &#8211; Reconstruir RS"}]},{"@type":"WebSite","@id":"https:\/\/morrostock.com.br\/reconstruir2025\/#website","url":"https:\/\/morrostock.com.br\/reconstruir2025\/","name":"Morrostock 2025 - Reconstruir RS","description":" Reconstruir RS parte II","publisher":{"@id":"https:\/\/morrostock.com.br\/reconstruir2025\/#organization"},"potentialAction":[{"@type":"SearchAction","target":{"@type":"EntryPoint","urlTemplate":"https:\/\/morrostock.com.br\/reconstruir2025\/?s={search_term_string}"},"query-input":{"@type":"PropertyValueSpecification","valueRequired":true,"valueName":"search_term_string"}}],"inLanguage":"pt-BR"},{"@type":"Organization","@id":"https:\/\/morrostock.com.br\/reconstruir2025\/#organization","name":"Morrostock","url":"https:\/\/morrostock.com.br\/reconstruir2025\/","logo":{"@type":"ImageObject","inLanguage":"pt-BR","@id":"https:\/\/morrostock.com.br\/reconstruir2025\/#\/schema\/logo\/image\/","url":"https:\/\/morrostock.com.br\/reconstruir2025\/wp-content\/uploads\/2023\/11\/boca-morro-2019-90-203x300-1.png","contentUrl":"https:\/\/morrostock.com.br\/reconstruir2025\/wp-content\/uploads\/2023\/11\/boca-morro-2019-90-203x300-1.png","width":207,"height":306,"caption":"Morrostock"},"image":{"@id":"https:\/\/morrostock.com.br\/reconstruir2025\/#\/schema\/logo\/image\/"}}]}},"_links":{"self":[{"href":"https:\/\/morrostock.com.br\/reconstruir2025\/wp-json\/wp\/v2\/pages\/857","targetHints":{"allow":["GET"]}}],"collection":[{"href":"https:\/\/morrostock.com.br\/reconstruir2025\/wp-json\/wp\/v2\/pages"}],"about":[{"href":"https:\/\/morrostock.com.br\/reconstruir2025\/wp-json\/wp\/v2\/types\/page"}],"author":[{"embeddable":true,"href":"https:\/\/morrostock.com.br\/reconstruir2025\/wp-json\/wp\/v2\/users\/1"}],"replies":[{"embeddable":true,"href":"https:\/\/morrostock.com.br\/reconstruir2025\/wp-json\/wp\/v2\/comments?post=857"}],"version-history":[{"count":3,"href":"https:\/\/morrostock.com.br\/reconstruir2025\/wp-json\/wp\/v2\/pages\/857\/revisions"}],"predecessor-version":[{"id":1466,"href":"https:\/\/morrostock.com.br\/reconstruir2025\/wp-json\/wp\/v2\/pages\/857\/revisions\/1466"}],"wp:featuredmedia":[{"embeddable":true,"href":"https:\/\/morrostock.com.br\/reconstruir2025\/wp-json\/wp\/v2\/media\/859"}],"wp:attachment":[{"href":"https:\/\/morrostock.com.br\/reconstruir2025\/wp-json\/wp\/v2\/media?parent=857"}],"curies":[{"name":"wp","href":"https:\/\/api.w.org\/{rel}","templated":true}]}}